{"id":7377,"date":"2023-09-07T10:56:30","date_gmt":"2023-09-07T08:56:30","guid":{"rendered":"https:\/\/generations-sports.fr\/site\/?page_id=7377"},"modified":"2024-02-14T11:40:46","modified_gmt":"2024-02-14T10:40:46","slug":"coaching-personnalise","status":"publish","type":"page","link":"https:\/\/generations-sports.fr\/site\/coaching-personnalise\/","title":{"rendered":"Coaching"},"content":{"rendered":"\t\t<div data-elementor-type=\"wp-page\" data-elementor-id=\"7377\" class=\"elementor elementor-7377\">\n\t\t\t\t\t\t<section class=\"elementor-section elementor-top-section elementor-element elementor-element-57e98c3 elementor-section-height-min-height elementor-section-boxed elementor-section-height-default elementor-section-items-middle\" data-id=\"57e98c3\" data-element_type=\"section\" data-e-type=\"section\" data-settings=\"{&quot;background_background&quot;:&quot;slideshow&quot;,&quot;background_slideshow_gallery&quot;:[],&quot;background_slideshow_loop&quot;:&quot;yes&quot;,&quot;background_slideshow_slide_duration&quot;:5000,&quot;background_slideshow_slide_transition&quot;:&quot;fade&quot;,&quot;background_slideshow_transition_duration&quot;:500}\">\n\t\t\t\t\t\t\t<div class=\"elementor-background-overlay\"><\/div>\n\t\t\t\t\t\t\t<div class=\"elementor-container elementor-column-gap-extended\">\n\t\t\t\t\t<div class=\"elementor-column elementor-col-100 elementor-top-column elementor-element elementor-element-ac22ea1\" data-id=\"ac22ea1\" data-element_type=\"column\" data-e-type=\"column\">\n\t\t\t<div class=\"elementor-widget-wrap elementor-element-populated\">\n\t\t\t\t\t\t<div class=\"elementor-element elementor-element-57ab135 elementor-widget elementor-widget-heading\" data-id=\"57ab135\" data-element_type=\"widget\" data-e-type=\"widget\" data-widget_type=\"heading.default\">\n\t\t\t\t<div class=\"elementor-widget-container\">\n\t\t\t\t\t<h1 class=\"elementor-heading-title elementor-size-default\">COACHING<\/h1>\t\t\t\t<\/div>\n\t\t\t\t<\/div>\n\t\t\t\t\t<\/div>\n\t\t<\/div>\n\t\t\t\t\t<\/div>\n\t\t<\/section>\n\t\t\t\t<section class=\"elementor-section elementor-top-section elementor-element elementor-element-1663dc9 elementor-section-content-middle elementor-section-boxed elementor-section-height-default elementor-section-height-default\" data-id=\"1663dc9\" data-element_type=\"section\" data-e-type=\"section\" data-settings=\"{&quot;background_background&quot;:&quot;classic&quot;}\">\n\t\t\t\t\t\t<div class=\"elementor-container elementor-column-gap-default\">\n\t\t\t\t\t<div class=\"elementor-column elementor-col-50 elementor-top-column elementor-element elementor-element-2d3fc66\" data-id=\"2d3fc66\" data-element_type=\"column\" data-e-type=\"column\">\n\t\t\t<div class=\"elementor-widget-wrap elementor-element-populated\">\n\t\t\t\t\t\t<div class=\"elementor-element elementor-element-16e09e5 elementor-widget elementor-widget-image\" data-id=\"16e09e5\" data-element_type=\"widget\" data-e-type=\"widget\" data-widget_type=\"image.default\">\n\t\t\t\t<div class=\"elementor-widget-container\">\n\t\t\t\t\t\t\t\t\t\t\t\t\t\t\t<img fetchpriority=\"high\" decoding=\"async\" width=\"2476\" height=\"2560\" src=\"https:\/\/generations-sports.fr\/site\/wp-content\/uploads\/2024\/02\/coaching2-scaled.jpg\" class=\"attachment-full size-full wp-image-7908\" alt=\"\" srcset=\"https:\/\/generations-sports.fr\/site\/wp-content\/uploads\/2024\/02\/coaching2-scaled.jpg 2476w, https:\/\/generations-sports.fr\/site\/wp-content\/uploads\/2024\/02\/coaching2-290x300.jpg 290w, https:\/\/generations-sports.fr\/site\/wp-content\/uploads\/2024\/02\/coaching2-990x1024.jpg 990w, https:\/\/generations-sports.fr\/site\/wp-content\/uploads\/2024\/02\/coaching2-768x794.jpg 768w, https:\/\/generations-sports.fr\/site\/wp-content\/uploads\/2024\/02\/coaching2-1486x1536.jpg 1486w, https:\/\/generations-sports.fr\/site\/wp-content\/uploads\/2024\/02\/coaching2-1981x2048.jpg 1981w, https:\/\/generations-sports.fr\/site\/wp-content\/uploads\/2024\/02\/coaching2-320x331.jpg 320w, https:\/\/generations-sports.fr\/site\/wp-content\/uploads\/2024\/02\/coaching2-480x496.jpg 480w, https:\/\/generations-sports.fr\/site\/wp-content\/uploads\/2024\/02\/coaching2-800x827.jpg 800w\" sizes=\"(max-width: 2476px) 100vw, 2476px\" \/>\t\t\t\t\t\t\t\t\t\t\t\t\t\t\t<\/div>\n\t\t\t\t<\/div>\n\t\t\t\t\t<\/div>\n\t\t<\/div>\n\t\t\t\t<div class=\"elementor-column elementor-col-50 elementor-top-column elementor-element elementor-element-585406c\" data-id=\"585406c\" data-element_type=\"column\" data-e-type=\"column\">\n\t\t\t<div class=\"elementor-widget-wrap elementor-element-populated\">\n\t\t\t\t\t\t<div class=\"elementor-element elementor-element-c20c111 elementor-widget elementor-widget-heading\" data-id=\"c20c111\" data-element_type=\"widget\" data-e-type=\"widget\" data-widget_type=\"heading.default\">\n\t\t\t\t<div class=\"elementor-widget-container\">\n\t\t\t\t\t<h2 class=\"elementor-heading-title elementor-size-default\">Coaching Perso :<br>Le face \u00e0 face<\/h2>\t\t\t\t<\/div>\n\t\t\t\t<\/div>\n\t\t\t\t<div class=\"elementor-element elementor-element-5ec8c58 elementor-widget elementor-widget-text-editor\" data-id=\"5ec8c58\" data-element_type=\"widget\" data-e-type=\"widget\" data-widget_type=\"text-editor.default\">\n\t\t\t\t<div class=\"elementor-widget-container\">\n\t\t\t\t\t\t\t\t\t<p>C&rsquo;est LA meilleure fa\u00e7on d&rsquo;obtenir des r\u00e9sultats physiques rapides et efficaces.<\/p><p>Vous \u00eates avec votre coach pendant une heure pour r\u00e9aliser ensemble les objectifs qui VOUS int\u00e9ressent !<\/p><p>Chez G\u00e9n\u00e9rations Sports, nous avons une foultitude de mat\u00e9riels, petits ou grands pour adapter les contenus qui vous permettront de progresser dans les meilleures conditions.<\/p>\t\t\t\t\t\t\t\t<\/div>\n\t\t\t\t<\/div>\n\t\t\t\t<div class=\"elementor-element elementor-element-c23b4ab elementor-align-left elementor-mobile-align-justify elementor-widget elementor-widget-button\" data-id=\"c23b4ab\" data-element_type=\"widget\" data-e-type=\"widget\" data-widget_type=\"button.default\">\n\t\t\t\t<div class=\"elementor-widget-container\">\n\t\t\t\t\t\t\t\t\t<div class=\"elementor-button-wrapper\">\n\t\t\t\t\t<a class=\"elementor-button elementor-button-link elementor-size-lg\" href=\"https:\/\/generations-sports.fr\/site\/a5213-contact\/\">\n\t\t\t\t\t\t<span class=\"elementor-button-content-wrapper\">\n\t\t\t\t\t\t\t\t\t<span class=\"elementor-button-text\">Tarifs sur devis<\/span>\n\t\t\t\t\t<\/span>\n\t\t\t\t\t<\/a>\n\t\t\t\t<\/div>\n\t\t\t\t\t\t\t\t<\/div>\n\t\t\t\t<\/div>\n\t\t\t\t\t<\/div>\n\t\t<\/div>\n\t\t\t\t\t<\/div>\n\t\t<\/section>\n\t\t<div class=\"elementor-element elementor-element-b449651 e-flex e-con-boxed e-con e-parent\" data-id=\"b449651\" data-element_type=\"container\" data-e-type=\"container\">\n\t\t\t\t\t<div class=\"e-con-inner\">\n\t\t\t\t<div class=\"elementor-element elementor-element-dcd00cd elementor-widget elementor-widget-image\" data-id=\"dcd00cd\" data-element_type=\"widget\" data-e-type=\"widget\" data-widget_type=\"image.default\">\n\t\t\t\t<div class=\"elementor-widget-container\">\n\t\t\t\t\t\t\t\t\t\t\t\t\t\t\t<img decoding=\"async\" src=\"https:\/\/generations-sports.fr\/site\/wp-content\/uploads\/elementor\/thumbs\/NB1-scaled-qdw3b1amsbory0s3dyku8req380ga4lphsb1ix66f8.jpg\" title=\"NB1\" alt=\"NB1\" loading=\"lazy\" \/>\t\t\t\t\t\t\t\t\t\t\t\t\t\t\t<\/div>\n\t\t\t\t<\/div>\n\t\t\t\t\t<\/div>\n\t\t\t\t<\/div>\n\t\t\t\t<section class=\"elementor-section elementor-top-section elementor-element elementor-element-4379566 elementor-section-content-middle elementor-section-boxed elementor-section-height-default elementor-section-height-default\" data-id=\"4379566\" data-element_type=\"section\" data-e-type=\"section\" data-settings=\"{&quot;background_background&quot;:&quot;classic&quot;}\">\n\t\t\t\t\t\t<div class=\"elementor-container elementor-column-gap-default\">\n\t\t\t\t\t<div class=\"elementor-column elementor-col-50 elementor-top-column elementor-element elementor-element-9186bac\" data-id=\"9186bac\" data-element_type=\"column\" data-e-type=\"column\">\n\t\t\t<div class=\"elementor-widget-wrap elementor-element-populated\">\n\t\t\t\t\t\t<div class=\"elementor-element elementor-element-6f041d7 elementor-widget elementor-widget-heading\" data-id=\"6f041d7\" data-element_type=\"widget\" data-e-type=\"widget\" data-widget_type=\"heading.default\">\n\t\t\t\t<div class=\"elementor-widget-container\">\n\t\t\t\t\t<h2 class=\"elementor-heading-title elementor-size-default\">Le Programme Personnalis\u00e9<\/h2>\t\t\t\t<\/div>\n\t\t\t\t<\/div>\n\t\t\t\t<div class=\"elementor-element elementor-element-253f17b elementor-widget elementor-widget-text-editor\" data-id=\"253f17b\" data-element_type=\"widget\" data-e-type=\"widget\" data-widget_type=\"text-editor.default\">\n\t\t\t\t<div class=\"elementor-widget-container\">\n\t\t\t\t\t\t\t\t\t<p>Nous pr\u00e9parons, pour VOUS, l&rsquo;ensemble de VOS s\u00e9ances de sport personnalis\u00e9es au sein de G\u00e9n\u00e9rations Sports.<\/p><p>Jusqu&rsquo;\u00e0 3 s\u00e9ances par semaine vous serons propos\u00e9es afin d&rsquo;atteindre vos objectifs dans les meilleurs conditions.<\/p><p>Le coach n&rsquo;est pas toujours pr\u00e9sent avec vous, mais des briefings et bilans sont r\u00e9alis\u00e9s toutes les semaines afin de garantir votre r\u00e9ussite dans les meilleures conditions.<\/p>\t\t\t\t\t\t\t\t<\/div>\n\t\t\t\t<\/div>\n\t\t\t\t<div class=\"elementor-element elementor-element-3bb8ece elementor-align-left elementor-mobile-align-justify elementor-widget elementor-widget-button\" data-id=\"3bb8ece\" data-element_type=\"widget\" data-e-type=\"widget\" data-widget_type=\"button.default\">\n\t\t\t\t<div class=\"elementor-widget-container\">\n\t\t\t\t\t\t\t\t\t<div class=\"elementor-button-wrapper\">\n\t\t\t\t\t<a class=\"elementor-button elementor-button-link elementor-size-lg\" href=\"https:\/\/generations-sports.fr\/site\/tarifs\/\">\n\t\t\t\t\t\t<span class=\"elementor-button-content-wrapper\">\n\t\t\t\t\t\t\t\t\t<span class=\"elementor-button-text\">51\u20ac\/mois hors abonnement obligatoire<\/span>\n\t\t\t\t\t<\/span>\n\t\t\t\t\t<\/a>\n\t\t\t\t<\/div>\n\t\t\t\t\t\t\t\t<\/div>\n\t\t\t\t<\/div>\n\t\t\t\t\t<\/div>\n\t\t<\/div>\n\t\t\t\t<div class=\"elementor-column elementor-col-50 elementor-top-column elementor-element elementor-element-c376a3b\" data-id=\"c376a3b\" data-element_type=\"column\" data-e-type=\"column\">\n\t\t\t<div class=\"elementor-widget-wrap elementor-element-populated\">\n\t\t\t\t\t\t<div class=\"elementor-element elementor-element-ec2cb02 elementor-widget elementor-widget-image\" data-id=\"ec2cb02\" data-element_type=\"widget\" data-e-type=\"widget\" data-widget_type=\"image.default\">\n\t\t\t\t<div class=\"elementor-widget-container\">\n\t\t\t\t\t\t\t\t\t\t\t\t\t\t\t<img decoding=\"async\" width=\"1024\" height=\"685\" src=\"https:\/\/generations-sports.fr\/site\/wp-content\/uploads\/2014\/10\/P1020278.jpg\" class=\"attachment-full size-full wp-image-6620\" alt=\"\" srcset=\"https:\/\/generations-sports.fr\/site\/wp-content\/uploads\/2014\/10\/P1020278.jpg 1024w, https:\/\/generations-sports.fr\/site\/wp-content\/uploads\/2014\/10\/P1020278-300x201.jpg 300w, https:\/\/generations-sports.fr\/site\/wp-content\/uploads\/2014\/10\/P1020278-768x514.jpg 768w\" sizes=\"(max-width: 1024px) 100vw, 1024px\" \/>\t\t\t\t\t\t\t\t\t\t\t\t\t\t\t<\/div>\n\t\t\t\t<\/div>\n\t\t\t\t\t<\/div>\n\t\t<\/div>\n\t\t\t\t\t<\/div>\n\t\t<\/section>\n\t\t\t\t<\/div>\n\t\t","protected":false},"excerpt":{"rendered":"<p>COACHING Coaching Perso :Le face \u00e0 face C&rsquo;est LA meilleure fa\u00e7on d&rsquo;obtenir des r\u00e9sultats physiques rapides et efficaces. Vous \u00eates avec votre coach pendant une heure pour r\u00e9aliser ensemble les objectifs qui VOUS int\u00e9ressent ! Chez G\u00e9n\u00e9rations Sports, nous avons une foultitude de mat\u00e9riels, petits ou grands pour adapter les contenus qui vous permettront de&hellip;&nbsp;<a href=\"https:\/\/generations-sports.fr\/site\/coaching-personnalise\/\" rel=\"bookmark\">Lire la suite &raquo;<span class=\"screen-reader-text\">Coaching<\/span><\/a><\/p>\n","protected":false},"author":1,"featured_media":0,"parent":0,"menu_order":0,"comment_status":"closed","ping_status":"closed","template":"page-templates\/template-pagebuilder-full-width.php","meta":{"neve_meta_sidebar":"","neve_meta_container":"","neve_meta_enable_content_width":"off","neve_meta_content_width":100,"neve_meta_title_alignment":"","neve_meta_author_avatar":"","neve_post_elements_order":"","neve_meta_disable_header":"","neve_meta_disable_footer":"","neve_meta_disable_title":"","footnotes":""},"class_list":["post-7377","page","type-page","status-publish","hentry"],"yoast_head":"<!-- This site is optimized with the Yoast SEO plugin v27.5 - https:\/\/yoast.com\/product\/yoast-seo-wordpress\/ -->\n<title>Coaching - G\u00e9n\u00e9rations Sports<\/title>\n<meta name=\"robots\" content=\"index, follow, max-snippet:-1, max-image-preview:large, max-video-preview:-1\" \/>\n<link rel=\"canonical\" href=\"https:\/\/generations-sports.fr\/site\/coaching-personnalise\/\" \/>\n<meta property=\"og:locale\" content=\"fr_FR\" \/>\n<meta property=\"og:type\" content=\"article\" \/>\n<meta property=\"og:title\" content=\"Coaching - G\u00e9n\u00e9rations Sports\" \/>\n<meta property=\"og:description\" content=\"COACHING Coaching Perso :Le face \u00e0 face C&rsquo;est LA meilleure fa\u00e7on d&rsquo;obtenir des r\u00e9sultats physiques rapides et efficaces. Vous \u00eates avec votre coach pendant une heure pour r\u00e9aliser ensemble les objectifs qui VOUS int\u00e9ressent ! Chez G\u00e9n\u00e9rations Sports, nous avons une foultitude de mat\u00e9riels, petits ou grands pour adapter les contenus qui vous permettront de&hellip;&nbsp;Lire la suite &raquo;Coaching\" \/>\n<meta property=\"og:url\" content=\"https:\/\/generations-sports.fr\/site\/coaching-personnalise\/\" \/>\n<meta property=\"og:site_name\" content=\"G\u00e9n\u00e9rations Sports\" \/>\n<meta property=\"article:modified_time\" content=\"2024-02-14T10:40:46+00:00\" \/>\n<meta property=\"og:image\" content=\"https:\/\/generations-sports.fr\/site\/wp-content\/uploads\/2024\/02\/coaching2-scaled.jpg\" \/>\n<meta name=\"twitter:card\" content=\"summary_large_image\" \/>\n<meta name=\"twitter:label1\" content=\"Dur\u00e9e de lecture estim\u00e9e\" \/>\n\t<meta name=\"twitter:data1\" content=\"1 minute\" \/>\n<script type=\"application\/ld+json\" class=\"yoast-schema-graph\">{\"@context\":\"https:\\\/\\\/schema.org\",\"@graph\":[{\"@type\":\"WebPage\",\"@id\":\"https:\\\/\\\/generations-sports.fr\\\/site\\\/coaching-personnalise\\\/\",\"url\":\"https:\\\/\\\/generations-sports.fr\\\/site\\\/coaching-personnalise\\\/\",\"name\":\"Coaching - G\u00e9n\u00e9rations Sports\",\"isPartOf\":{\"@id\":\"https:\\\/\\\/generations-sports.fr\\\/site\\\/#website\"},\"primaryImageOfPage\":{\"@id\":\"https:\\\/\\\/generations-sports.fr\\\/site\\\/coaching-personnalise\\\/#primaryimage\"},\"image\":{\"@id\":\"https:\\\/\\\/generations-sports.fr\\\/site\\\/coaching-personnalise\\\/#primaryimage\"},\"thumbnailUrl\":\"https:\\\/\\\/generations-sports.fr\\\/site\\\/wp-content\\\/uploads\\\/2024\\\/02\\\/coaching2-scaled.jpg\",\"datePublished\":\"2023-09-07T08:56:30+00:00\",\"dateModified\":\"2024-02-14T10:40:46+00:00\",\"breadcrumb\":{\"@id\":\"https:\\\/\\\/generations-sports.fr\\\/site\\\/coaching-personnalise\\\/#breadcrumb\"},\"inLanguage\":\"fr-FR\",\"potentialAction\":[{\"@type\":\"ReadAction\",\"target\":[\"https:\\\/\\\/generations-sports.fr\\\/site\\\/coaching-personnalise\\\/\"]}]},{\"@type\":\"ImageObject\",\"inLanguage\":\"fr-FR\",\"@id\":\"https:\\\/\\\/generations-sports.fr\\\/site\\\/coaching-personnalise\\\/#primaryimage\",\"url\":\"https:\\\/\\\/generations-sports.fr\\\/site\\\/wp-content\\\/uploads\\\/2024\\\/02\\\/coaching2-scaled.jpg\",\"contentUrl\":\"https:\\\/\\\/generations-sports.fr\\\/site\\\/wp-content\\\/uploads\\\/2024\\\/02\\\/coaching2-scaled.jpg\",\"width\":2476,\"height\":2560},{\"@type\":\"BreadcrumbList\",\"@id\":\"https:\\\/\\\/generations-sports.fr\\\/site\\\/coaching-personnalise\\\/#breadcrumb\",\"itemListElement\":[{\"@type\":\"ListItem\",\"position\":1,\"name\":\"Accueil\",\"item\":\"https:\\\/\\\/generations-sports.fr\\\/site\\\/\"},{\"@type\":\"ListItem\",\"position\":2,\"name\":\"Coaching\"}]},{\"@type\":\"WebSite\",\"@id\":\"https:\\\/\\\/generations-sports.fr\\\/site\\\/#website\",\"url\":\"https:\\\/\\\/generations-sports.fr\\\/site\\\/\",\"name\":\"G\u00e9n\u00e9rations Sports\",\"description\":\"Forme et bien-\u00eatre pour tous\",\"publisher\":{\"@id\":\"https:\\\/\\\/generations-sports.fr\\\/site\\\/#organization\"},\"potentialAction\":[{\"@type\":\"SearchAction\",\"target\":{\"@type\":\"EntryPoint\",\"urlTemplate\":\"https:\\\/\\\/generations-sports.fr\\\/site\\\/?s={search_term_string}\"},\"query-input\":{\"@type\":\"PropertyValueSpecification\",\"valueRequired\":true,\"valueName\":\"search_term_string\"}}],\"inLanguage\":\"fr-FR\"},{\"@type\":\"Organization\",\"@id\":\"https:\\\/\\\/generations-sports.fr\\\/site\\\/#organization\",\"name\":\"G\u00e9n\u00e9rations Sports\",\"url\":\"https:\\\/\\\/generations-sports.fr\\\/site\\\/\",\"logo\":{\"@type\":\"ImageObject\",\"inLanguage\":\"fr-FR\",\"@id\":\"https:\\\/\\\/generations-sports.fr\\\/site\\\/#\\\/schema\\\/logo\\\/image\\\/\",\"url\":\"https:\\\/\\\/generations-sports.fr\\\/site\\\/wp-content\\\/uploads\\\/2016\\\/04\\\/logo_GS_site-1.png\",\"contentUrl\":\"https:\\\/\\\/generations-sports.fr\\\/site\\\/wp-content\\\/uploads\\\/2016\\\/04\\\/logo_GS_site-1.png\",\"width\":641,\"height\":208,\"caption\":\"G\u00e9n\u00e9rations Sports\"},\"image\":{\"@id\":\"https:\\\/\\\/generations-sports.fr\\\/site\\\/#\\\/schema\\\/logo\\\/image\\\/\"}}]}<\/script>\n<!-- \/ Yoast SEO plugin. -->","yoast_head_json":{"title":"Coaching - G\u00e9n\u00e9rations Sports","robots":{"index":"index","follow":"follow","max-snippet":"max-snippet:-1","max-image-preview":"max-image-preview:large","max-video-preview":"max-video-preview:-1"},"canonical":"https:\/\/generations-sports.fr\/site\/coaching-personnalise\/","og_locale":"fr_FR","og_type":"article","og_title":"Coaching - G\u00e9n\u00e9rations Sports","og_description":"COACHING Coaching Perso :Le face \u00e0 face C&rsquo;est LA meilleure fa\u00e7on d&rsquo;obtenir des r\u00e9sultats physiques rapides et efficaces. Vous \u00eates avec votre coach pendant une heure pour r\u00e9aliser ensemble les objectifs qui VOUS int\u00e9ressent ! Chez G\u00e9n\u00e9rations Sports, nous avons une foultitude de mat\u00e9riels, petits ou grands pour adapter les contenus qui vous permettront de&hellip;&nbsp;Lire la suite &raquo;Coaching","og_url":"https:\/\/generations-sports.fr\/site\/coaching-personnalise\/","og_site_name":"G\u00e9n\u00e9rations Sports","article_modified_time":"2024-02-14T10:40:46+00:00","og_image":[{"url":"https:\/\/generations-sports.fr\/site\/wp-content\/uploads\/2024\/02\/coaching2-scaled.jpg","type":"","width":"","height":""}],"twitter_card":"summary_large_image","twitter_misc":{"Dur\u00e9e de lecture estim\u00e9e":"1 minute"},"schema":{"@context":"https:\/\/schema.org","@graph":[{"@type":"WebPage","@id":"https:\/\/generations-sports.fr\/site\/coaching-personnalise\/","url":"https:\/\/generations-sports.fr\/site\/coaching-personnalise\/","name":"Coaching - G\u00e9n\u00e9rations Sports","isPartOf":{"@id":"https:\/\/generations-sports.fr\/site\/#website"},"primaryImageOfPage":{"@id":"https:\/\/generations-sports.fr\/site\/coaching-personnalise\/#primaryimage"},"image":{"@id":"https:\/\/generations-sports.fr\/site\/coaching-personnalise\/#primaryimage"},"thumbnailUrl":"https:\/\/generations-sports.fr\/site\/wp-content\/uploads\/2024\/02\/coaching2-scaled.jpg","datePublished":"2023-09-07T08:56:30+00:00","dateModified":"2024-02-14T10:40:46+00:00","breadcrumb":{"@id":"https:\/\/generations-sports.fr\/site\/coaching-personnalise\/#breadcrumb"},"inLanguage":"fr-FR","potentialAction":[{"@type":"ReadAction","target":["https:\/\/generations-sports.fr\/site\/coaching-personnalise\/"]}]},{"@type":"ImageObject","inLanguage":"fr-FR","@id":"https:\/\/generations-sports.fr\/site\/coaching-personnalise\/#primaryimage","url":"https:\/\/generations-sports.fr\/site\/wp-content\/uploads\/2024\/02\/coaching2-scaled.jpg","contentUrl":"https:\/\/generations-sports.fr\/site\/wp-content\/uploads\/2024\/02\/coaching2-scaled.jpg","width":2476,"height":2560},{"@type":"BreadcrumbList","@id":"https:\/\/generations-sports.fr\/site\/coaching-personnalise\/#breadcrumb","itemListElement":[{"@type":"ListItem","position":1,"name":"Accueil","item":"https:\/\/generations-sports.fr\/site\/"},{"@type":"ListItem","position":2,"name":"Coaching"}]},{"@type":"WebSite","@id":"https:\/\/generations-sports.fr\/site\/#website","url":"https:\/\/generations-sports.fr\/site\/","name":"G\u00e9n\u00e9rations Sports","description":"Forme et bien-\u00eatre pour tous","publisher":{"@id":"https:\/\/generations-sports.fr\/site\/#organization"},"potentialAction":[{"@type":"SearchAction","target":{"@type":"EntryPoint","urlTemplate":"https:\/\/generations-sports.fr\/site\/?s={search_term_string}"},"query-input":{"@type":"PropertyValueSpecification","valueRequired":true,"valueName":"search_term_string"}}],"inLanguage":"fr-FR"},{"@type":"Organization","@id":"https:\/\/generations-sports.fr\/site\/#organization","name":"G\u00e9n\u00e9rations Sports","url":"https:\/\/generations-sports.fr\/site\/","logo":{"@type":"ImageObject","inLanguage":"fr-FR","@id":"https:\/\/generations-sports.fr\/site\/#\/schema\/logo\/image\/","url":"https:\/\/generations-sports.fr\/site\/wp-content\/uploads\/2016\/04\/logo_GS_site-1.png","contentUrl":"https:\/\/generations-sports.fr\/site\/wp-content\/uploads\/2016\/04\/logo_GS_site-1.png","width":641,"height":208,"caption":"G\u00e9n\u00e9rations Sports"},"image":{"@id":"https:\/\/generations-sports.fr\/site\/#\/schema\/logo\/image\/"}}]}},"_links":{"self":[{"href":"https:\/\/generations-sports.fr\/site\/wp-json\/wp\/v2\/pages\/7377","targetHints":{"allow":["GET"]}}],"collection":[{"href":"https:\/\/generations-sports.fr\/site\/wp-json\/wp\/v2\/pages"}],"about":[{"href":"https:\/\/generations-sports.fr\/site\/wp-json\/wp\/v2\/types\/page"}],"author":[{"embeddable":true,"href":"https:\/\/generations-sports.fr\/site\/wp-json\/wp\/v2\/users\/1"}],"replies":[{"embeddable":true,"href":"https:\/\/generations-sports.fr\/site\/wp-json\/wp\/v2\/comments?post=7377"}],"version-history":[{"count":107,"href":"https:\/\/generations-sports.fr\/site\/wp-json\/wp\/v2\/pages\/7377\/revisions"}],"predecessor-version":[{"id":7911,"href":"https:\/\/generations-sports.fr\/site\/wp-json\/wp\/v2\/pages\/7377\/revisions\/7911"}],"wp:attachment":[{"href":"https:\/\/generations-sports.fr\/site\/wp-json\/wp\/v2\/media?parent=7377"}],"curies":[{"name":"wp","href":"https:\/\/api.w.org\/{rel}","templated":true}]}}