{"id":7097,"date":"2021-08-14T13:35:16","date_gmt":"2021-08-14T11:35:16","guid":{"rendered":"https:\/\/generations-sports.fr\/site\/?page_id=7097"},"modified":"2021-08-14T18:04:46","modified_gmt":"2021-08-14T16:04:46","slug":"tarifs","status":"publish","type":"page","link":"https:\/\/generations-sports.fr\/site\/tarifs\/","title":{"rendered":"Tarifs"},"content":{"rendered":"\n<div class=\"wp-block-themeisle-blocks-advanced-columns alignfull has-1-columns has-desktop-equal-layout has-tablet-equal-layout has-mobile-equal-layout has-default-gap has-vertical-unset\" id=\"wp-block-themeisle-blocks-advanced-columns-fbdc066e\"><div class=\"wp-block-themeisle-blocks-advanced-columns-overlay\"><\/div><div class=\"innerblocks-wrap\">\n<div class=\"wp-block-themeisle-blocks-advanced-column\" id=\"wp-block-themeisle-blocks-advanced-column-2efe9b88\">\n<div class=\"wp-block-themeisle-blocks-service\"><style> \/* simple flat #6090 *\/#ptp-6090{border-color:#ddd;padding:0;margin-left:0;margin-right:0}#ptp-6090 div.ptp-item-container{border-radius:0}#ptp-6090 div.ptp-item-container div{margin:0}#ptp-6090 .ptp-highlight div.ptp-item-container{border-color:#ddd}#ptp-6090 div.ptp-plan{border-top-right-radius:0;border-top-left-radius:0;font-size:1em;border-color:#ddd;background-color:#ddd;color:#333;padding:.9375em 1.25em}#ptp-6090 div.ptp-plan .has-tip{border-bottom:dotted 1px #333;color:#333}#ptp-6090 .ptp-highlight div.ptp-plan{border-color:#ddd;background-color:#ddd;color:#333}#ptp-6090 .ptp-highlight div.ptp-plan .has-tip{border-bottom:dotted 1px #333;color:#333}#ptp-6090 div.ptp-price{font-size:1.5em;background-color:#eee;color:#333;padding:.9375em 1.25em}#ptp-6090 div.ptp-price .has-tip{border-bottom:dotted 1px #333;color:#333}#ptp-6090 .ptp-highlight div.ptp-price{background-color:#eee;color:#333}#ptp-6090 .ptp-highlight div.ptp-price .has-tip{border-bottom:dotted 1px #333;color:#333}#ptp-6090 div.ptp-cta{border-bottom-right-radius:0;border-bottom-left-radius:0;background-color:#eee;padding-top:1.25em;padding-bottom:1.25em}#ptp-6090 .ptp-highlight div.ptp-cta{background-color:#eee}#ptp-6090 a.ptp-button{border-radius:0;font-size:1em;color:#fff;background-color:#3498db;border-bottom:#2980b9 4px solid;margin:0}#ptp-6090 a.ptp-button .has-tip,#ptp-6090 a.ptp-button:hover .has-tip{border-bottom:dotted 1px #fff;color:#fff}#ptp-6090 a.ptp-button:hover{background-color:#2980b9}#ptp-6090 div.ptp-bullet-item{color:#333;background-color:#fff;font-size:.75em;border-color:#ddd;padding:.9375em .5em .9375em .5em}#ptp-6090 .ptp-highlight .ptp-bullet-item{color:#333;border-color:#ddd;background-color:#fff}#ptp-6090 .ptp-highlight a.ptp-button{color:#fff;background-color:#e74c3c;border-bottom:#c0392b 4px solid}#ptp-6090 .ptp-highlight a.ptp-button:hover{background-color:#c0392b}#ptp-6090 .ptp-highlight a.ptp-button .has-tip{border-bottom:dotted 1px #fff;color:#fff}#ptp-6090 div.ptp-most-popular{border-radius:0;font-size:2em;background-color:#7f8c8d;color:#fff;border:1px solid #7f8c8d}\/* end of simple flat #6090 *\/<\/style>        <script type=\"text\/javascript\">\n         jQuery(document).ready(function($) {\n            jQuery.call_match_height_6090 = function call_match_height_design1(ptp_id) {\n                                $( ptp_id+' .ptp-plan' ).matchHeight(false); \n                                $( ptp_id+' .ptp-cta' ).matchHeight(false); \n                                $( ptp_id+' .ptp-price' ).matchHeight(false);\n                                $( ptp_id+' .ptp-button' ).matchHeight(false);\n\n                                $( ptp_id+' .ptp-bullet-item' ).each(function( index ){\n                                    $( ptp_id+' .ptp-row-id-'+index ).matchHeight(false);\n             \n                                });  \n                         }\n            var ptp_id = '#ptp-'+6090 ;\n            $.call_match_height_6090 ( ptp_id );              \n         });\n      <\/script>\n      \n        <div id=\"ptp-6090\" class=\"ptp-pricing-table\" ><div class=\"ptp-col ptp-four-col  ptp-col-id-0 dh-ptp-col-id-0\"><div class=\"ptp-not-most-popular\">&nbsp;<\/div><div class=\"ptp-item-container\"><div class=\"ptp-plan\">Acc\u00e8s Libre 6h\/22h<\/div><div class=\"ptp-price\">Frais d'adh\u00e9sion 63\u20ac<\/div><div class=\"ptp-bullet-item ptp-row-id-0\">12 mois : <strong>37.99\u20ac\/mois<\/strong>\r<\/div><div class=\"ptp-bullet-item ptp-row-id-1\">6 mois : <strong>42.99\u20ac\/mois<\/strong>\r<\/div><div class=\"ptp-bullet-item ptp-row-id-2\">3 mois : <strong>47.99\u20ac\/mois<\/strong>\r<\/div><div class=\"ptp-bullet-item ptp-row-id-3\">1 mois : <strong>52.99\u20ac\/mois<\/strong><\/div><div class=\"ptp-cta\"><a class=\"ptp-button ptp-checkout-button\" id=\"ptp-6090-cta-0\"  href=\"\" >Ajouter au panier<\/a><\/div><\/div><\/div><div class=\"ptp-col ptp-four-col  ptp-col-id-1 dh-ptp-col-id-1\"><div class=\"ptp-not-most-popular\">&nbsp;<\/div><div class=\"ptp-item-container\"><div class=\"ptp-plan\">Cours collectifs + Acc\u00e8s Libre<\/div><div class=\"ptp-price\">Frais d'adh\u00e9sion 63\u20ac<\/div><div class=\"ptp-bullet-item ptp-row-id-0\">12 mois : <strong>47.99\u20ac\/mois<\/strong>\r<\/div><div class=\"ptp-bullet-item ptp-row-id-1\">6 mois : <strong>52.99\u20ac\/mois<\/strong>\r<\/div><div class=\"ptp-bullet-item ptp-row-id-2\">3 mois : <strong>57.99\u20ac\/mois<\/strong>\r<\/div><div class=\"ptp-bullet-item ptp-row-id-3\">1 mois : <strong>62.99\u20ac\/mois<\/strong><\/div><div class=\"ptp-cta\"><a class=\"ptp-button ptp-checkout-button\" id=\"ptp-6090-cta-1\"  href=\"\" >Ajouter au panier<\/a><\/div><\/div><\/div><div class=\"ptp-col ptp-four-col  ptp-col-id-2 dh-ptp-col-id-2\"><div class=\"ptp-not-most-popular\">&nbsp;<\/div><div class=\"ptp-item-container\"><div class=\"ptp-plan\">Programme Perte de Poids<\/div><div class=\"ptp-price\">3 mois<\/br>339\u20ac<\/div><div class=\"ptp-bullet-item ptp-row-id-0\">Activit\u00e9s\r<\/div><div class=\"ptp-bullet-item ptp-row-id-1\">Conseils alimentaires\r<\/div><div class=\"ptp-bullet-item ptp-row-id-2\">Suivi premium\r<\/div><div class=\"ptp-bullet-item ptp-row-id-3\">Succ\u00e8s assur\u00e9<\/div><div class=\"ptp-cta\"><a class=\"ptp-button ptp-checkout-button\" id=\"ptp-6090-cta-2\"  href=\"\" >Ajouter au panier<\/a><\/div><\/div><\/div><div class=\"ptp-col ptp-four-col  ptp-col-id-3 dh-ptp-col-id-3\"><div class=\"ptp-not-most-popular\">&nbsp;<\/div><div class=\"ptp-item-container\"><div class=\"ptp-plan\">Coaching Personnel<\/div><div class=\"ptp-price\">Sur devis, \u00e0 partir de 40\u20ac\/h<\/div><div class=\"ptp-bullet-item ptp-row-id-0\">Salle ou domicile\r<\/div><div class=\"ptp-bullet-item ptp-row-id-1\">Objectifs cibl\u00e9s\r<\/div><div class=\"ptp-bullet-item ptp-row-id-2\">Pr\u00e9sence permanente\r<\/div><div class=\"ptp-bullet-item ptp-row-id-3\">100% Motivation<\/div><div class=\"ptp-cta\"><a class=\"ptp-button ptp-checkout-button\" id=\"ptp-6090-cta-3\"  href=\"http:\/\/06.15.99.43.90\" >Contact : Fabien<\/a><\/div><\/div><\/div><\/div>\n<\/div>\n<\/div>\n<\/div><\/div>\n\n\n\n<p><\/p>\n","protected":false},"excerpt":{"rendered":"&nbsp;Acc\u00e8s Libre 6h\/22hFrais d'adh\u00e9sion 63\u20ac12 mois : 37.99\u20ac\/mois 6 mois : 42.99\u20ac\/mois 3 mois : 47.99\u20ac\/mois 1 mois : 52.99\u20ac\/moisAjouter au panier&nbsp;Cours collectifs + Acc\u00e8s LibreFrais d'adh\u00e9sion 63\u20ac12 mois : 47.99\u20ac\/mois 6 mois : 52.99\u20ac\/mois 3 mois : 57.99\u20ac\/mois 1 mois : 62.99\u20ac\/moisAjouter au panier&nbsp;Programme Perte de Poids3 mois339\u20acActivit\u00e9s Conseils alimentaires Suivi premium Succ\u00e8s assur\u00e9Ajouter<a href=\"https:\/\/generations-sports.fr\/site\/tarifs\/\" rel=\"bookmark\">Lire la suite &raquo;<span class=\"screen-reader-text\">Tarifs<\/span><\/a>","protected":false},"author":1,"featured_media":0,"parent":0,"menu_order":0,"comment_status":"closed","ping_status":"closed","template":"page-templates\/template-pagebuilder-full-width.php","meta":{"neve_meta_sidebar":"full-width","neve_meta_container":"","neve_meta_enable_content_width":"on","neve_meta_content_width":100,"neve_meta_title_alignment":"","neve_meta_author_avatar":"","neve_post_elements_order":"","neve_meta_disable_header":"","neve_meta_disable_footer":"","neve_meta_disable_title":"","footnotes":""},"class_list":["post-7097","page","type-page","status-publish","hentry"],"yoast_head":"<!-- This site is optimized with the Yoast SEO plugin v27.5 - https:\/\/yoast.com\/product\/yoast-seo-wordpress\/ -->\n<title>Tarifs - G\u00e9n\u00e9rations Sports<\/title>\n<meta name=\"robots\" content=\"index, follow, max-snippet:-1, max-image-preview:large, max-video-preview:-1\" \/>\n<link rel=\"canonical\" href=\"https:\/\/generations-sports.fr\/site\/tarifs\/\" \/>\n<meta property=\"og:locale\" content=\"fr_FR\" \/>\n<meta property=\"og:type\" content=\"article\" \/>\n<meta property=\"og:title\" content=\"Tarifs - G\u00e9n\u00e9rations Sports\" \/>\n<meta property=\"og:url\" content=\"https:\/\/generations-sports.fr\/site\/tarifs\/\" \/>\n<meta property=\"og:site_name\" content=\"G\u00e9n\u00e9rations Sports\" \/>\n<meta property=\"article:modified_time\" content=\"2021-08-14T16:04:46+00:00\" \/>\n<meta name=\"twitter:card\" content=\"summary_large_image\" \/>\n<meta name=\"twitter:label1\" content=\"Dur\u00e9e de lecture estim\u00e9e\" \/>\n\t<meta name=\"twitter:data1\" content=\"1 minute\" \/>\n<script type=\"application\/ld+json\" class=\"yoast-schema-graph\">{\"@context\":\"https:\\\/\\\/schema.org\",\"@graph\":[{\"@type\":\"WebPage\",\"@id\":\"https:\\\/\\\/generations-sports.fr\\\/site\\\/tarifs\\\/\",\"url\":\"https:\\\/\\\/generations-sports.fr\\\/site\\\/tarifs\\\/\",\"name\":\"Tarifs - G\u00e9n\u00e9rations Sports\",\"isPartOf\":{\"@id\":\"https:\\\/\\\/generations-sports.fr\\\/site\\\/#website\"},\"datePublished\":\"2021-08-14T11:35:16+00:00\",\"dateModified\":\"2021-08-14T16:04:46+00:00\",\"breadcrumb\":{\"@id\":\"https:\\\/\\\/generations-sports.fr\\\/site\\\/tarifs\\\/#breadcrumb\"},\"inLanguage\":\"fr-FR\",\"potentialAction\":[{\"@type\":\"ReadAction\",\"target\":[\"https:\\\/\\\/generations-sports.fr\\\/site\\\/tarifs\\\/\"]}]},{\"@type\":\"BreadcrumbList\",\"@id\":\"https:\\\/\\\/generations-sports.fr\\\/site\\\/tarifs\\\/#breadcrumb\",\"itemListElement\":[{\"@type\":\"ListItem\",\"position\":1,\"name\":\"Accueil\",\"item\":\"https:\\\/\\\/generations-sports.fr\\\/site\\\/\"},{\"@type\":\"ListItem\",\"position\":2,\"name\":\"Tarifs\"}]},{\"@type\":\"WebSite\",\"@id\":\"https:\\\/\\\/generations-sports.fr\\\/site\\\/#website\",\"url\":\"https:\\\/\\\/generations-sports.fr\\\/site\\\/\",\"name\":\"G\u00e9n\u00e9rations Sports\",\"description\":\"Forme et bien-\u00eatre pour tous\",\"publisher\":{\"@id\":\"https:\\\/\\\/generations-sports.fr\\\/site\\\/#organization\"},\"potentialAction\":[{\"@type\":\"SearchAction\",\"target\":{\"@type\":\"EntryPoint\",\"urlTemplate\":\"https:\\\/\\\/generations-sports.fr\\\/site\\\/?s={search_term_string}\"},\"query-input\":{\"@type\":\"PropertyValueSpecification\",\"valueRequired\":true,\"valueName\":\"search_term_string\"}}],\"inLanguage\":\"fr-FR\"},{\"@type\":\"Organization\",\"@id\":\"https:\\\/\\\/generations-sports.fr\\\/site\\\/#organization\",\"name\":\"G\u00e9n\u00e9rations Sports\",\"url\":\"https:\\\/\\\/generations-sports.fr\\\/site\\\/\",\"logo\":{\"@type\":\"ImageObject\",\"inLanguage\":\"fr-FR\",\"@id\":\"https:\\\/\\\/generations-sports.fr\\\/site\\\/#\\\/schema\\\/logo\\\/image\\\/\",\"url\":\"https:\\\/\\\/generations-sports.fr\\\/site\\\/wp-content\\\/uploads\\\/2016\\\/04\\\/logo_GS_site-1.png\",\"contentUrl\":\"https:\\\/\\\/generations-sports.fr\\\/site\\\/wp-content\\\/uploads\\\/2016\\\/04\\\/logo_GS_site-1.png\",\"width\":641,\"height\":208,\"caption\":\"G\u00e9n\u00e9rations Sports\"},\"image\":{\"@id\":\"https:\\\/\\\/generations-sports.fr\\\/site\\\/#\\\/schema\\\/logo\\\/image\\\/\"}}]}<\/script>\n<!-- \/ Yoast SEO plugin. -->","yoast_head_json":{"title":"Tarifs - G\u00e9n\u00e9rations Sports","robots":{"index":"index","follow":"follow","max-snippet":"max-snippet:-1","max-image-preview":"max-image-preview:large","max-video-preview":"max-video-preview:-1"},"canonical":"https:\/\/generations-sports.fr\/site\/tarifs\/","og_locale":"fr_FR","og_type":"article","og_title":"Tarifs - G\u00e9n\u00e9rations Sports","og_url":"https:\/\/generations-sports.fr\/site\/tarifs\/","og_site_name":"G\u00e9n\u00e9rations Sports","article_modified_time":"2021-08-14T16:04:46+00:00","twitter_card":"summary_large_image","twitter_misc":{"Dur\u00e9e de lecture estim\u00e9e":"1 minute"},"schema":{"@context":"https:\/\/schema.org","@graph":[{"@type":"WebPage","@id":"https:\/\/generations-sports.fr\/site\/tarifs\/","url":"https:\/\/generations-sports.fr\/site\/tarifs\/","name":"Tarifs - G\u00e9n\u00e9rations Sports","isPartOf":{"@id":"https:\/\/generations-sports.fr\/site\/#website"},"datePublished":"2021-08-14T11:35:16+00:00","dateModified":"2021-08-14T16:04:46+00:00","breadcrumb":{"@id":"https:\/\/generations-sports.fr\/site\/tarifs\/#breadcrumb"},"inLanguage":"fr-FR","potentialAction":[{"@type":"ReadAction","target":["https:\/\/generations-sports.fr\/site\/tarifs\/"]}]},{"@type":"BreadcrumbList","@id":"https:\/\/generations-sports.fr\/site\/tarifs\/#breadcrumb","itemListElement":[{"@type":"ListItem","position":1,"name":"Accueil","item":"https:\/\/generations-sports.fr\/site\/"},{"@type":"ListItem","position":2,"name":"Tarifs"}]},{"@type":"WebSite","@id":"https:\/\/generations-sports.fr\/site\/#website","url":"https:\/\/generations-sports.fr\/site\/","name":"G\u00e9n\u00e9rations Sports","description":"Forme et bien-\u00eatre pour tous","publisher":{"@id":"https:\/\/generations-sports.fr\/site\/#organization"},"potentialAction":[{"@type":"SearchAction","target":{"@type":"EntryPoint","urlTemplate":"https:\/\/generations-sports.fr\/site\/?s={search_term_string}"},"query-input":{"@type":"PropertyValueSpecification","valueRequired":true,"valueName":"search_term_string"}}],"inLanguage":"fr-FR"},{"@type":"Organization","@id":"https:\/\/generations-sports.fr\/site\/#organization","name":"G\u00e9n\u00e9rations Sports","url":"https:\/\/generations-sports.fr\/site\/","logo":{"@type":"ImageObject","inLanguage":"fr-FR","@id":"https:\/\/generations-sports.fr\/site\/#\/schema\/logo\/image\/","url":"https:\/\/generations-sports.fr\/site\/wp-content\/uploads\/2016\/04\/logo_GS_site-1.png","contentUrl":"https:\/\/generations-sports.fr\/site\/wp-content\/uploads\/2016\/04\/logo_GS_site-1.png","width":641,"height":208,"caption":"G\u00e9n\u00e9rations Sports"},"image":{"@id":"https:\/\/generations-sports.fr\/site\/#\/schema\/logo\/image\/"}}]}},"_links":{"self":[{"href":"https:\/\/generations-sports.fr\/site\/wp-json\/wp\/v2\/pages\/7097","targetHints":{"allow":["GET"]}}],"collection":[{"href":"https:\/\/generations-sports.fr\/site\/wp-json\/wp\/v2\/pages"}],"about":[{"href":"https:\/\/generations-sports.fr\/site\/wp-json\/wp\/v2\/types\/page"}],"author":[{"embeddable":true,"href":"https:\/\/generations-sports.fr\/site\/wp-json\/wp\/v2\/users\/1"}],"replies":[{"embeddable":true,"href":"https:\/\/generations-sports.fr\/site\/wp-json\/wp\/v2\/comments?post=7097"}],"version-history":[{"count":6,"href":"https:\/\/generations-sports.fr\/site\/wp-json\/wp\/v2\/pages\/7097\/revisions"}],"predecessor-version":[{"id":7147,"href":"https:\/\/generations-sports.fr\/site\/wp-json\/wp\/v2\/pages\/7097\/revisions\/7147"}],"wp:attachment":[{"href":"https:\/\/generations-sports.fr\/site\/wp-json\/wp\/v2\/media?parent=7097"}],"curies":[{"name":"wp","href":"https:\/\/api.w.org\/{rel}","templated":true}]}}